is divided by 232.
27
Calculate the remainder when 50805 is divided by 1337.
1336
What is the remainder when 4221 is divided by 514?
109
What is the remainder when 25499 is divided by 425?
424
What is the remainder when 30383 is divided by 7595?
3
Calculate the remainder when 11478 is divided by 2847.
90
What is the remainder when 5929 is divided by 87?
13
What is the remainder when 2059666 is divided by 489?
487
What is the remainder when 10478 is divided by 2849?
1931
Calculate the remainder when 3014 is divided by 313.
197
Calculate the remainder when 39168 is divided by 9790.
8
What is the remainder when 5623 is divided by 2808?
7
What is the remainder when 1009340 is divided by 23?
8
Calculate the remainder when 1136 is divided by 258.
104
Calculate the remainder when 94557 is divided by 393.
237
What is the remainder when 314133 is divided by 28556?
17
What is the remainder when 13735 is divided by 24?
7
What is the remainder when 4521 is divided by 146?
141
What is the remainder when 21693 is divided by 374?
1
Calculate the remainder when 3875 is divided by 47.
21
Calculate the remainder when 4545693 is divided by 32.
29
What is the remainder when 2306 is divided by 1096?
114
Calculate the remainder when 44960 is divided by 36.
32
Calculate the remainder when 5469 is divided by 5438.
31
What is the remainder when 18843 is divided by 6278?
9
What is the remainder when 34344 is divided by 404?
4
Calculate the remainder when 45492 is divided by 22745.
2
What is the remainder when 605 is divided by 123?
113
What is the remainder when 61556 is divided by 251?
61
Calculate the remainder when 1832 is divided by 901.
30
What is the remainder when 75669 is divided by 94?
93
Calculate the remainder when 1405 is divided by 233.
7
Calculate the remainder when 77691 is divided by 300.
291
What is the remainder when 48671 is divided by 12?
11
What is the remainder when 367860 is divided by 13?
12
Calculate the remainder when 259611 is divided by 6181.
9
What is the remainder when 280291 is divided by 29?
6
Calculate the remainder when 3851 is divided by 1870.
111
Calculate the remainder when 22532 is divided by 81.
14
What is the remainder when 54894 is divided by 54876?
18
Calculate the remainder when 16100 is divided by 24.
20
Calculate the remainder when 585 is divided by 134.
49
What is the remainder when 13203 is divided by 826?
813
Calculate the remainder when 2606 is divided by 378.
338
Calculate the remainder when 5613 is divided by 50.
13
What is the remainder when 10557 is divided by 1162?
99
Calculate the remainder when 115971 is divided by 24.
3
Calculate the remainder when 869 is divided by 97.
93
Calculate the remainder when 22409 is divided by 10.
9
Calculate the remainder when 2385809 is divided by 70.
69
What is the remainder when 105242 is divided by 2844?
14
Calculate the remainder when 1655 is divided by 676.
303
What is the remainder when 5492 is divided by 5299?
193
Calculate the remainder when 23313 is divided by 78.
69
Calculate the remainder when 173725 is divided by 601.
36
Calculate the remainder when 10073 is divided by 2247.
1085
What is the remainder when 3539 is divided by 1769?
1
What is the remainder when 244209 is divided by 81403?
0
What is the remainder when 2015 is divided by 779?
457
Calculate the remainder when 192032 is divided by 7112.
8
Calculate the remainder when 16809 is divided by 41.
40
What is the remainder when 1769 is divided by 438?
17
Calculate the remainder when 10651 is divided by 323.
315
What is the remainder when 7071 is divided by 34?
33
Calculate the remainder when 58297 is divided by 25.
22
What is the remainder when 140271 is divided by 31?
27
What is the remainder when 9469 is divided by 9465?
4
Calculate the remainder when 5114 is divided by 1701.
11
Calculate the remainder when 12527 is divided by 195.
47
Calculate the remainder when 115037 is divided by 678.
455
Calculate the remainder when 11913 is divided by 31.
9
What is the remainder when 15748 is divided by 824?
92
What is the remainder when 2902215 is divided by 66?
63
What is the remainder when 5462 is divided by 638?
358
What is the remainder when 3985 is divided by 15?
10
What is the remainder when 72705 is divided by 55?
50
Calculate the remainder when 348 is divided by 88.
84
What is the remainder when 85624 is divided by 428?
24
What is the remainder when 4656 is divided by 4631?
25
Calculate the remainder when 81633 is divided by 12.
9
What is the remainder when 112273 is divided by 25?
23
What is the remainder when 109218 is divided by 492?
486
What is the remainder when 870 is divided by 98?
86
What is the remainder when 4775 is divided by 216?
23
What is the remainder when 80360 is divided by 10040?
40
Calculate the remainder when 5663 is divided by 57.
20
Calculate the remainder when 13695 is divided by 6847.
1
Calculate the remainder when 1218826 is divided by 16.
10
Calculate the remainder when 2744 is divided by 86.
78
What is the remainder when 123977 is divided by 51?
47
Calculate the remainder when 198727 is divided by 119.
116
Calculate the remainder when 431 is divided by 51.
23
What is the remainder when 21414 is divided by 16?
6
Calculate the remainder when 20012 is divided by 106.
84
Calculate the remainder when 126647 is divided by 19.
12
Calculate the remainder when 35716 is divided by 190.
186
Calculate the remainder when 39965 is divided by 13308.
41
Calculate the remainder when 1465 is divided by 294.
289
What is the remainder when 6717 is divided by 33?
18
Calculate the remainder when 39578 is divided by 791.
28
Calculate the remainder when 17164 is divided by 43.
7
What is the remainder when 9594 is divided by 1596?
18
What is the remainder when 13311 is divided by 42?
39
Calculate the remainder when 2091 is divided by 34.
17
What is the remainder when 28098 is divided by 13802?
494
Calculate the remainder when 7071 is divided by 1303.
556
Calculate the remainder when 372143 is divided by 2432.
47
What is the remainder when 4268537 is divided by 940?
937
What is the remainder when 17036 is divided by 41?
21
What is the remainder when 126863 is divided by 197?
192
Calculate the remainder when 133420 is divided by 1213.
1203
Calculate the remainder when 168210 is divided by 21.
0
Calculate the remainder when 2542 is divided by 132.
34
What is the remainder when 21385 is divided by 28?
21
What is the remainder when 24342 is divided by 51?
15
Calculate the remainder when 152627 is divided by 92.
91
What is the remainder when 431066 is divided by 76?
70
What is the remainder when 11532 is divided by 825?
807
Calculate the remainder when 14110 is divided by 939.
25
Calculate the remainder when 7196 is divided by 48.
44
What is the remainder when 4758 is divided by 2330?
98
Calculate the remainder when 14133 is divided by 28.
21
Calculate the remainder when 238 is divided by 22.
18
What is the remainder when 95555 is divided by 37?
21
What is the remainder when 23606 is divided by 172?
42
Calculate the remainder when 18792 is divided by 9386.
20
What is the remainder when 1231 is divided by 640?
591
Calculate the remainder when 3756 is divided by 408.
84
Calculate the remainder when 6009 is divided by 543.
36
What is the remainder when 130801 is divided by 130801?
0
What is the remainder when 14381 is divided by 158?
3
Calculate the remainder when 60019 is divided by 14999.
23
What is the remainder when 12414 is divided by 128?
126
What is the remainder when 2151 is divided by 188?
83
Calculate the remainder when 7001 is divided by 48.
41
What is the remainder when 1042 is divided by 110?
52
What is the remainder when 1067765 is divided by 71?
67
What is the remainder when 49555 is divided by 24619?
317
What is the remainder when 9706 is divided by 314?
286
What is the remainder when 813 is divided by 737?
76
What is the remainder when 82597 is divided by 10323?
13
Calculate the remainder when 89079 is divided by 21.
18
Calculate the remainder when 812074 is divided by 31.
29
Calculate the remainder when 129331 is divided by 31.
30
What is the remainder when 25272 is divided by 79?
71
Calculate the remainder when 3921 is divided by 2622.
1299
What is the remainder when 1964 is divided by 224?
172
What is